the millions digit of 4181890?
4
What is the millions digit of 15653827?
5
What is the thousands digit of 185105?
5
What is the hundreds digit of 100008?
0
What is the thousands digit of 1446484?
6
What is the millions digit of 2713141?
2
What is the units digit of 1680438?
8
What is the millions digit of 3650533?
3
What is the hundreds digit of 1313738?
7
What is the ten thousands digit of 8150443?
5
What is the hundred thousands digit of 2341421?
3
What is the thousands digit of 316939?
6
What is the units digit of 166536?
6
What is the millions digit of 3599567?
3
What is the units digit of 2123030?
0
What is the ten thousands digit of 8249758?
4
What is the hundreds digit of 203531?
5
What is the hundreds digit of 15023217?
2
What is the hundreds digit of 3082802?
8
What is the ten thousands digit of 8517385?
1
What is the ten thousands digit of 795479?
9
What is the hundreds digit of 116288?
2
What is the thousands digit of 29842275?
2
What is the units digit of 9355591?
1
What is the thousands digit of 7493837?
3
What is the millions digit of 9626330?
9
What is the hundred thousands digit of 19047456?
0
What is the hundred thousands digit of 209023?
2
What is the hundred thousands digit of 179846?
1
What is the thousands digit of 126299?
6
What is the hundreds digit of 376207?
2
What is the ten thousands digit of 1155276?
5
What is the ten thousands digit of 327054?
2
What is the thousands digit of 463064?
3
What is the tens digit of 30533?
3
What is the thousands digit of 5701560?
1
What is the hundred thousands digit of 1190981?
1
What is the thousands digit of 799788?
9
What is the hundreds digit of 55503?
5
What is the ten thousands digit of 2579221?
7
What is the ten thousands digit of 3897747?
9
What is the millions digit of 9051629?
9
What is the hundreds digit of 475434?
4
What is the hundreds digit of 30378?
3
What is the units digit of 11752605?
5
What is the units digit of 1887226?
6
What is the hundred thousands digit of 12830356?
8
What is the hundreds digit of 20038?
0
What is the units digit of 1830170?
0
What is the thousands digit of 326869?
6
What is the ten thousands digit of 3920264?
2
What is the hundred thousands digit of 23844737?
8
What is the units digit of 450100?
0
What is the ten thousands digit of 3207646?
0
What is the tens digit of 38621?
2
What is the ten thousands digit of 198749?
9
What is the hundred thousands digit of 200188?
2
What is the tens digit of 1642655?
5
What is the millions digit of 1238461?
1
What is the hundred thousands digit of 432885?
4
What is the hundreds digit of 7188195?
1
What is the thousands digit of 474005?
4
What is the ten thousands digit of 10858525?
5
What is the hundreds digit of 542101?
1
What is the hundred thousands digit of 2258762?
2
What is the thousands digit of 16972145?
2
What is the hundred thousands digit of 113367?
1
What is the millions digit of 2026619?
2
What is the thousands digit of 2901121?
1
What is the hundreds digit of 2001814?
8
What is the ten thousands digit of 1948574?
4
What is the tens digit of 17393?
9
What is the thousands digit of 562036?
2
What is the hundreds digit of 311208?
2
What is the hundred thousands digit of 2536878?
5
What is the tens digit of 1251494?
9
What is the ten thousands digit of 186396?
8
What is the tens digit of 2361075?
7
What is the tens digit of 563115?
1
What is the hundreds digit of 2045517?
5
What is the hundreds digit of 486378?
3
What is the tens digit of 639?
3
What is the ten thousands digit of 4466929?
6
What is the tens digit of 5357912?
1
What is the units digit of 618083?
3
What is the hundred thousands digit of 12256190?
2
What is the tens digit of 3599969?
6
What is the thousands digit of 3773444?
3
What is the hundreds digit of 2990018?
0
What is the hundreds digit of 728705?
7
What is the thousands digit of 3997672?
7
What is the ten thousands digit of 5860492?
6
What is the ten thousands digit of 41041?
4
What is the hundreds digit of 7519567?
5
What is the hundred thousands digit of 2013390?
0
What is the units digit of 124877?
7
What is the ten thousands digit of 13514129?
1
What is the thousands digit of 241679?
1
What is the hundreds digit of 5610107?
1
What is the hundred thousands digit of 442578?
4
What is the tens digit of 1296010?
1
What is the ten thousands digit of 5680936?
8
What is the thousands digit of 1246667?
6
What is the millions digit of 14276567?
4
What is the units digit of 894968?
8
What is the millions digit of 2497405?
2
What is the hundreds digit of 2906569?
5
What is the hundred thousands digit of 24805947?
8
What is the thousands digit of 423955?
3
What is the thousands digit of 79063?
9
What is the thousands digit of 206070?
6
What is the hundreds digit of 18076?
0
What is the millions digit of 7511853?
7
What is the hundred thousands digit of 864635?
8
What is the millions digit of 2675283?
2
What is the thousands digit of 711849?
1
What is the hundred thousands digit of 387069?
3
What is the units digit of 75205?
5
What is the thousands digit of 4011994?
1
What is the thousands digit of 442203?
2
What is the hundred thousands digit of 711504?
7
What is the tens digit of 3780736?
3
What is the units digit of 16321163?
3
What is the hundred thousands digit of 881276?
8
What is the thousands digit of 11189547?
9
What is the hundreds digit of 16805366?
3
What is the ten thousands digit of 12218892?
1
What is the tens digit of 1560281?
8
What is the hundred thousands digit of 1047302?
0
What is the thousands digit of 923459?
3
What is the hundred thousands digit of 230573?
2
What is the tens digit of 24228755?
5
What is the tens digit of 5181220?
2
What is the millions digit of 4968812?
4
What is the thousands digit of 448008?
8
What is the hundred thousands digit of 716865?
7
What is the tens digit of 231288?
8
What is the ten thousands digit of 5579590?
7
What is the hundreds digit of 520524?
5
What is the hundreds digit of 1431790?
7
What is the hundred thousands digit of 3371043?
3
What is the tens digit of 17665932?
3
What is the tens digit of 283847?
4
What is the tens digit of 268418?
1
What is the hundreds digit of 20232290?
2
What is the tens digit of 541129?
2
What is the ten thousands digit of 265095?
6
What is the tens digit of 188380?
8
What is the hundreds digit of 1002139?
1
What is the millions digit of 32630466?
2
What is the hundreds digit of 853272?
2
What is the ten thousands digit of 123688?
2
What is the tens digit of 5062?
6
What is the units digit of 4855993?
3
What is the ten thousands digit of 2130795?
3
What is the thousands digit of 69743?
9
What is the thousands digit of 6070924?
0
What is the units digit of 78447?
7
What is the ten thousands digit of 2670293?
7
What is the hundreds digit of 39622?
6
What is the tens digit of 4968509?
0
What is the units digit of 240445?
5
What is the tens digit of 495159?
5
What is the hundred thousands digit of 199184?
1
What is the millions digit of 3096091?
3
What is the hundred thousands digit of 24427136?
4
What is the ten millions digit of 14284799?
1
What is the ten thousands digit of 1584986?
8
What is the thousands digit of 163824?
3
What is the tens digit of 3791237?
3
What is the hundreds digit of 346294?
2
What is the units digit of 3581685?
5
What is the tens digit of 4936276?
7
What is the hundred thousands digit of 3262093?
2
What is the hundreds digit of 8642171?
1
What is the tens digit of 10275285?
8
What is the thousands digit of 178716?
8
What is the tens digit of 3226873?
7
What is the tens digit of 2856110?
1
What is the tens digit of 215870?
7
What is the units digit of 129093?
3
What is the hundreds digit of 1631425?
4
What is the thousands digit of 435779?
5
What is the thousands digit of 2820286?
0
What is the hundreds digit of 4789432?
4
What is the tens digit of 748207?
0
What is the millions digit of 1905211?
1
What is the millions digit of 1370505?
1
What is the tens digit of 443718?
1
What is the tens digit of 7127259?
5
What is the hundreds digit of 1357567?
5
What is the hundred thousands digit of 4945217?
9
What is the ten thousands digit of 366694?
6
What is the ten thousands digit of 3986768?
8
What is the thousands digit of 715043?
5
What is the ten thousands digit of 46108